MONTHLY CLIMATOLOGICAL SUMMARY for MAY. 2019

NAME: MeteoSaone   CITY: SAONE (TN) STATE: Italy
ELEV: 510 mt. LAT: 46:02':36" N LONG: 10:46':04" E

                            TEMPERATURE ( C), RAIN (mm), WIND SPEED (kmh)

                                                 HEAT     COOL           AVG
      MEAN                                       DEG      DEG            WIND                        DOM
DAY   TEMP    HIGH   TIME      LOW     TIME      DAYS     DAYS   RAIN    SPEED    HIGH    TIME       DIR
----------------------------------------------------------------------------------------------------------------------------------------------------------
01    10.9    20.8   17:34    02.3   06:48     07.4     00.0    00.0   02.4     31.5    15:59     NNE
02    11.9    19.4   14:13    04.7   07:10     06.4     00.0    02.1   02.2     33.3    21:03     ENE
03    10.2    15.2   12:31    08.1   06:32     08.1     00.0    04.2   00.5     22.2    16:27      N 
04    09.8    14.1   17:17    07.9   06:39     08.5     00.0    08.8   00.6     20.4    17:47     ENE
05    04.5    08.2   16:04   -00.1   08:41     13.8     00.0    36.5   01.6     31.5    01:15     ENE
06    07.7    15.5   15:08    00.8   06:35     10.6     00.0    00.0   01.6     18.5    18:39      NE
07    07.9    15.4   17:00   -00.4   06:38     10.4     00.0    00.0   02.1     25.9    14:42     ENE
08    07.8    11.0   11:43    05.1   03:49     10.5     00.0    04.2   00.1     07.4    19:25     ENE
09    10.3    17.0   17:20    06.0   05:42     08.0     00.0    05.2   01.9     22.2    14:39     ENE
10    11.7    18.7   16:27    05.8   05:29     06.6     00.0    00.0   01.3     20.4    12:42     ENE
11    10.5    14.9   16:35    06.8   00:00     07.8     00.0    39.5   00.4     22.2    20:24      NE
12    09.4    14.7   16:31    06.1   04:16     08.9     00.0    01.6   01.1     29.6    11:17     NNW
13    11.2    16.3   15:14    06.7   03:00     07.1     00.0    00.0   01.1     20.4    19:16     ENE
14    09.9    17.2   13:01    03.3   06:28     08.4     00.0    00.0   02.9     37.0    17:37     NNE
15    08.2    15.1   15:58    02.4   01:32     10.1     00.0    00.0   02.0     22.2    16:46     ENE
16    10.0    17.2   13:28    02.2   06:11     08.3     00.0    00.5   01.6     22.2    13:26     ENE
17    10.8    14.7   12:10    07.7   06:35     07.5     00.0    04.2   00.1     05.6    11:17     ENE
18    09.8    11.6   16:29    08.4   06:33     08.5     00.0    15.1   00.1     05.6    16:43      N 
19    09.4    11.2   17:53    07.9   06:21     08.9     00.0    20.0   00.0     05.6    15:09     ENE
20    10.5    12.8   17:36    08.5   06:13     07.8     00.0    06.7   00.0     00.0    00:00      E 
21    13.1    17.9   16:29    10.4   07:42     05.2     00.0    00.5   00.7     18.5    16:56      E 
----------------------------------------------------------------------------------------------------------------------------------------------------------
09.6 (10.2)   20.8  day 01    -00.4  day 07   192.3    000.0   149.1   01.1     37.0   day 02      NE
Min <=   0: 2
Max Rain: 39.5 ON 11-05-19
Days of Rain: 14 (> .2mm) 11 (> 2mm) 2 (> 20mm)