MONTHLY CLIMATOLOGICAL SUMMARY for JAN. 2019

NAME: MeteoSaone   CITY: SAONE (TN) STATE: Italy
ELEV: 510 mt. LAT: 46:02':36" N LONG: 10:46':04" E

                            TEMPERATURE ( C), RAIN (mm), WIND SPEED (kmh)

                                                 HEAT     COOL           AVG
      MEAN                                       DEG      DEG            WIND                        DOM
DAY   TEMP    HIGH   TIME      LOW     TIME      DAYS     DAYS   RAIN    SPEED    HIGH    TIME       DIR
----------------------------------------------------------------------------------------------------------------------------------------------------------
01   -02.0    05.3   13:37   -05.2   08:31     20.3     00.0    00.0   00.2     07.4    22:31      N 
02    00.8    07.6   13:29   -05.0   05:47     17.5     00.0    00.0   04.4     42.6    14:41     ENE
03   -03.1    04.4   00:25   -07.6   23:55     21.4     00.0    00.0   00.8     24.1    00:14     NNE
04   -06.5   -01.1   13:50   -09.6   08:06     24.8     00.0    00.0   00.1     05.6    12:33      N 
05   -05.3    02.3   13:51   -08.7   08:06     23.6     00.0    00.0   00.2     11.1    13:57      N 
06   -03.6    04.2   13:52   -06.2   08:33     21.9     00.0    00.0   00.3     07.4    13:39      N 
07   -04.3    01.9   14:54   -07.1   08:20     22.6     00.0    00.0   00.0     05.6    17:39      N 
08   -03.3    02.3   13:26   -06.4   05:31     21.6     00.0    00.0   00.3     09.3    20:26     NNE
09   -01.2    05.9   14:57   -05.9   06:27     19.5     00.0    00.0   00.7     18.5    20:46     NNE
10   -03.7    04.1   14:51   -06.9   08:31     22.0     00.0    00.0   00.3     07.4    19:14      N 
11   -05.7    02.1   14:59   -09.8   07:54     24.0     00.0    00.0   00.1     03.7    23:45      N 
12   -03.9    01.2   14:56   -07.9   07:55     22.2     00.0    00.0   00.1     05.6    22:37     NNE
13   -01.1    08.5   13:58   -05.0   04:22     19.4     00.0    00.0   00.4     07.4    21:36     NNE
14    03.2    12.1   13:43   -02.1   00:58     15.1     00.0    00.0   01.6     25.9    13:43     WNW
15   -01.5    05.8   14:42   -04.2   23:16     19.8     00.0    00.0   00.2     07.4    06:50      N 
16   -02.2    08.3   15:21   -06.7   08:33     20.5     00.0    00.0   00.1     07.4    13:02      N 
17    00.9    03.3   14:10   -02.4   00:06     17.4     00.0    00.7   00.1     05.6    13:21      N 
18    00.5    06.8   15:07   -03.0   20:47     17.8     00.0    00.0   00.1     09.3    14:22      N 
19   -00.7    03.2   15:14   -03.0   23:50     19.0     00.0    00.0   00.1     09.3    13:57     NNE
20   -03.6    04.3   15:18   -06.7   08:56     21.9     00.0    00.7   00.0     03.7    18:58     NNW
----------------------------------------------------------------------------------------------------------------------------------------------------------
-2.2 (-0.7)   12.1  day 14    -09.8  day 11   431.3    000.0   001.3   00.5     42.6   day 02     NNE
Max <=   0: 2
Min <=   0: 21
Min <=  -5: 14
Max Rain: 0.7 ON 17-01-19
Days of Rain: 2 (> .2mm) 0 (> 2mm) 0 (> 20mm)