MONTHLY CLIMATOLOGICAL SUMMARY for SEP. 2017

NAME: MeteoSaone   CITY: SAONE (TN) STATE: Italy
ELEV: 510 mt. LAT: 46:02':36" N LONG: 10:46':04" E

                            TEMPERATURE ( C), RAIN (mm), WIND SPEED (kmh)

                                                 HEAT     COOL           AVG
      MEAN                                       DEG      DEG            WIND                        DOM
DAY   TEMP    HIGH   TIME      LOW     TIME      DAYS     DAYS   RAIN    SPEED    HIGH    TIME       DIR
----------------------------------------------------------------------------------------------------------------------------------------------------------
01    18.0    23.8   14:11    13.1   23:23     00.3     00.0    05.4   00.5     16.7    16:36     ENE
02    12.9    19.2   12:22    09.9   00:00     05.4     00.0    24.8   00.4     16.7    12:53      NE
03    12.3    20.2   15:51    08.6   07:48     06.0     00.0    00.0   00.6     14.8    15:29      NE
04    13.7    23.1   15:49    07.2   03:13     04.6     00.0    00.0   00.5     18.5    16:38      NE
05    16.3    24.5   16:17    09.6   07:24     02.0     00.0    00.0   01.0     18.5    15:32      NE
06    17.3    24.5   13:15    11.4   07:27     01.0     00.0    00.0   00.3     07.4    16:30      NE
07    17.5    24.4   14:18    13.8   00:00     00.8     00.0    00.0   01.3     24.1    16:17     NNE
08    16.5    21.5   13:50    13.4   07:29     01.8     00.0    00.7   00.8     18.5    13:16     ENE
09    16.0    21.9   15:52    13.0   07:00     02.3     00.0    14.8   00.7     14.8    16:03     ENE
10    13.7    14.9   16:02    12.9   09:26     04.6     00.0    36.8   00.1     03.7    15:34      N 
11    15.2    19.4   14:33    12.9   06:42     03.1     00.0    02.0   00.0     01.9    19:59     WNW
12    13.1    16.6   16:10    07.9   00:00     05.2     00.0    26.7   00.6     07.4    11:50     NNW
13    11.5    19.6   17:04    05.3   06:29     06.8     00.0    00.0   00.7     14.8    17:39      NE
14    13.1    19.6   14:19    08.4   04:20     05.2     00.0    03.3   00.5     11.1    14:32     NNE
15    11.8    18.0   14:23    05.9   07:26     06.5     00.0    00.7   00.6     14.8    01:10      NE
16    12.9    18.3   16:17    10.3   23:55     05.4     00.0    02.6   00.4     09.3    15:22     ENE
17    10.4    15.9   15:12    07.1   05:55     07.9     00.0    09.4   00.4     09.3    16:59      N 
18    10.4    15.4   14:07    07.1   05:56     07.9     00.0    01.3   00.1     09.3    16:06      NE
19    10.0    13.9   16:29    06.4   00:00     08.3     00.0    00.7   00.1     03.7    23:25      N 
20    10.0    19.3   16:49    03.9   07:21     08.3     00.0    00.0   01.0     16.7    14:07     NNE
----------------------------------------------------------------------------------------------------------------------------------------------------------
13.6 (14.6)   24.5  day 06     03.9  day 20   093.4    000.0   129.2   00.5     24.1   day 07      NE
Max Rain: 36.8 ON 10-09-17
Days of Rain: 13 (> .2mm) 8 (> 2mm) 3 (> 20mm)