MONTHLY CLIMATOLOGICAL SUMMARY for APR. 2018

NAME: MeteoSaone   CITY: SAONE (TN) STATE: Italy
ELEV: 510 mt. LAT: 46:02':36" N LONG: 10:46':04" E

                            TEMPERATURE ( C), RAIN (mm), WIND SPEED (kmh)

                                                 HEAT     COOL           AVG
      MEAN                                       DEG      DEG            WIND                        DOM
DAY   TEMP    HIGH   TIME      LOW     TIME      DAYS     DAYS   RAIN    SPEED    HIGH    TIME       DIR
----------------------------------------------------------------------------------------------------------------------------------------------------------
01    06.7    17.3   15:21    01.9   07:18     11.6     00.0    00.0   01.4     16.7    17:03     NNW
02    06.2    15.3   15:35   -02.1   06:54     12.1     00.0    00.0   01.9     27.8    15:04     ENE
03    07.0    11.8   16:54    01.9   07:32     11.3     00.0    06.0   00.2     07.4    14:14     NNE
04    07.0    11.3   15:51    04.4   07:32     11.3     00.0    21.5   00.3     07.4    17:27     NNW
05    09.5    16.9   16:40    05.3   03:28     08.8     00.0    00.7   01.5     20.4    17:24     ENE
06    09.3    18.0   16:09    01.5   07:11     09.0     00.0    00.0   02.2     22.2    13:13      NE
07    10.0    17.3   15:45    03.8   04:29     08.3     00.0    00.0   01.8     22.2    16:37      NE
08    11.9    19.2   16:11    07.6   00:00     06.4     00.0    00.0   01.9     20.4    17:50     ENE
09    09.7    16.4   15:19    05.8   06:27     08.6     00.0    00.7   00.7     20.4    15:12     NNE
10    09.4    14.9   13:31    04.7   00:00     08.9     00.0    03.3   00.8     22.2    18:54     NNE
11    07.0    13.6   14:22    02.2   04:57     11.3     00.0    22.8   00.6     11.1    14:07     NNW
12    07.7    12.8   17:37    04.4   06:06     10.6     00.0    26.2   00.7     13.0    19:15     ENE
13    08.1    14.7   17:59    03.6   08:04     10.2     00.0    16.1   01.5     22.2    14:10     ENE
14    09.9    19.6   16:40    01.8   07:28     08.4     00.0    00.0   02.4     24.1    14:56     ENE
15    09.8    18.3   14:46    05.1   06:52     08.5     00.0    10.0   00.5     11.1    17:28      N 
16    13.4    22.3   15:15    07.6   06:57     04.9     00.0    03.3   02.2     22.2    20:40      NE
17    13.1    23.3   16:59    05.5   06:53     05.2     00.0    00.7   01.3     18.5    18:27      NE
18    14.2    25.8   15:52    05.0   07:29     04.1     00.0    00.0   01.5     18.5    18:08      NE
----------------------------------------------------------------------------------------------------------------------------------------------------------
09.4 (10.5)   25.8  day 18    -02.1  day 02   159.6    000.0   111.9   01.3     27.8   day 16      NE
Min <=   0: 1
Max Rain: 26.2 ON 12-04-18
Days of Rain: 11 (> .2mm) 8 (> 2mm) 3 (> 20mm)