MONTHLY CLIMATOLOGICAL SUMMARY for OCT. 2019

NAME: MeteoSaone   CITY: SAONE (TN) STATE: Italy
ELEV: 510 mt. LAT: 46:02':36" N LONG: 10:46':04" E

                            TEMPERATURE ( C), RAIN (mm), WIND SPEED (kmh)

                                                 HEAT     COOL           AVG
      MEAN                                       DEG      DEG            WIND                        DOM
DAY   TEMP    HIGH   TIME      LOW     TIME      DAYS     DAYS   RAIN    SPEED    HIGH    TIME       DIR
----------------------------------------------------------------------------------------------------------------------------------------------------------
01    16.2    22.3   16:07    12.6   03:25     02.1     00.0    00.0   00.4     11.1    14:22      NE
02    14.3    18.9   16:14    10.4   23:04     04.0     00.0    19.6   00.6     16.7    14:13     NNE
03    10.5    17.8   15:53    05.0   08:42     07.8     00.0    00.0   01.4     20.4    13:51      NE
04    08.2    14.1   15:59    03.3   07:00     10.1     00.0    00.0   00.6     09.3    15:03      NE
05    10.2    18.9   16:14    05.0   07:05     08.1     00.0    00.0   00.7     16.7    15:22      NE
06    09.6    16.4   14:22    04.1   08:19     08.7     00.0    00.0   00.2     09.3    12:49      NE
07    12.2    19.5   16:45    09.1   08:28     06.1     00.0    03.1   00.7     18.5    15:04      NE
08    11.8    15.8   17:32    10.1   05:23     06.5     00.0    00.0   00.5     13.0    13:11      NE
09    11.3    13.1   15:13    10.4   07:52     07.0     00.0    02.6   00.1     07.4    13:29      NE
10    11.8    18.8   16:49    06.8   00:00     06.5     00.0    00.0   00.6     14.8    13:11      NE
11    09.1    18.9   16:10    03.4   07:28     09.2     00.0    00.0   00.2     05.6    17:40     NNE
12    10.1    18.3   14:49    03.9   07:28     08.2     00.0    00.0   00.4     09.3    16:55     NNE
13    13.2    19.8   15:44    08.9   08:01     05.1     00.0    00.0   00.4     09.3    16:48      NE
14    14.0    20.4   14:36    10.6   07:22     04.3     00.0    00.0   00.4     11.1    15:54      E 
15    13.4    15.4   15:45    11.9   08:08     04.9     00.0    23.3   00.1     07.4    18:38      NE
16    11.8    17.3   15:30    09.1   09:40     06.5     00.0    01.0   00.2     07.4    03:28     NNE
17    11.3    17.6   16:16    07.6   07:20     07.0     00.0    00.0   00.2     07.4    15:16      NE
----------------------------------------------------------------------------------------------------------------------------------------------------------
11.7 (12.8)   22.3  day 01     03.3  day 04   112.2    000.0   049.6   00.5     20.4   day 03      NE
Max Rain: 23.3 ON 15-10-19
Days of Rain: 5 (> .2mm) 4 (> 2mm) 1 (> 20mm)