MONTHLY CLIMATOLOGICAL SUMMARY for JUL. 2021

NAME: MeteoSaone   CITY: SAONE (TN) STATE: Italy
ELEV: 510 mt. LAT: 46:02':36" N LONG: 10:46':04" E

                            TEMPERATURE ( C), RAIN (mm), WIND SPEED (kmh)

                                                 HEAT     COOL           AVG
      MEAN                                       DEG      DEG            WIND                        DOM
DAY   TEMP    HIGH   TIME      LOW     TIME      DAYS     DAYS   RAIN    SPEED    HIGH    TIME       DIR
----------------------------------------------------------------------------------------------------------------------------------------------------------
01    17.7    26.1   13:42    09.9   06:07     00.6     00.0    00.0   01.4     16.7    11:31      E 
02    20.4    28.3   16:34    13.3   06:33     00.0     02.1    00.0   01.4     22.2    13:53      E 
03    20.3    27.6   14:35    15.1   05:08     00.0     02.0    00.0   01.0     14.8    13:17     ESE
04    18.2    23.9   11:47    14.4   00:00     00.1     00.0    11.1   00.8     16.7    14:16      SE
05    18.6    27.1   19:08    11.5   06:44     00.0     00.3    00.0   00.8     11.1    18:02      SE
06    20.8    29.0   14:40    12.2   06:36     00.0     02.5    00.0   01.5     20.4    15:00     ESE
07    21.9    29.3   14:40    14.8   06:12     00.0     03.6    03.2   01.7     27.8    14:21     ESE
08    19.8    28.9   14:13    14.4   00:00     00.0     01.5    24.3   01.8     40.7    19:54     ESE
09    19.5    28.4   17:56    12.8   06:09     00.0     01.2    00.0   01.9     18.5    15:51     ESE
10    20.4    29.2   15:47    12.6   06:39     00.0     02.1    00.0   01.5     25.9    16:51     ESE
11    20.8    29.3   17:09    13.9   07:13     00.0     02.5    00.5   01.9     20.4    17:59     ESE
12    21.1    29.1   16:57    13.1   06:16     00.0     02.8    00.0   01.1     18.5    15:46     ESE
13    18.1    24.5   13:21    14.3   23:42     00.2     00.0    32.2   00.5     22.2    14:23      S 
14    15.4    20.3   17:52    11.4   00:00     02.9     00.0    00.5   00.5     16.7    13:27      SE
15    16.1    22.2   13:53    11.1   03:08     02.2     00.0    01.0   00.7     09.3    15:24     ESE
16    17.6    23.3   15:43    13.6   06:40     00.7     00.0    00.5   01.4     18.5    18:44     SSW
17    19.0    25.6   19:14    12.9   06:42     00.0     00.7    00.0   00.4     09.3    12:57     SSE
18    20.0    29.4   14:24    13.1   05:38     00.0     01.7    00.0   00.3     09.3    13:54     SSE
19    22.1    30.7   17:14    13.8   06:23     00.0     03.8    00.0   01.7     18.5    18:40     ESE
20    22.2    30.3   17:14    15.5   05:54     00.0     03.9    00.0   01.5     24.1    14:03      E 
21    22.6    30.1   16:30    15.8   05:00     00.0     04.3    00.0   01.3     31.5    14:34     ESE
22    22.2    28.9   17:09    16.7   23:57     00.0     03.9    07.9   01.2     18.5    20:21     ESE
23    20.5    27.9   14:50    14.8   06:03     00.0     02.2    01.0   01.1     16.7    15:30     ESE
24    22.5    29.4   14:54    17.6   03:55     00.0     04.2    00.0   00.8     18.5    15:18     ESE
25    18.8    25.7   13:46    14.8   00:00     00.0     00.5    11.6   00.6     29.6    16:25     SSW
26    17.3    23.6   17:03    14.1   03:21     01.0     00.0    15.8   00.6     14.8    13:34      S 
27    18.1    23.9   15:25    14.4   06:59     00.2     00.0    32.7   00.4     14.8    16:09      S 
28    18.3    18.3   00:00    18.3   00:00     00.0     00.0    00.0   00.0     00.0    00:00      S 
----------------------------------------------------------------------------------------------------------------------------------------------------------
19.7 (20.4)   30.7  day 19     09.9  day 01   008.0    045.9   142.3   01.1     40.7   day 08     ESE
Max >=  30: 3
Max Rain: 32.7 ON 27-07-21
Days of Rain: 13 (> .2mm) 8 (> 2mm) 3 (> 20mm)