MONTHLY CLIMATOLOGICAL SUMMARY for FEB. 2018

NAME: MeteoSaone   CITY: SAONE (TN) STATE: Italy
ELEV: 510 mt. LAT: 46:02':36" N LONG: 10:46':04" E

                            TEMPERATURE ( C), RAIN (mm), WIND SPEED (kmh)

                                                 HEAT     COOL           AVG
      MEAN                                       DEG      DEG            WIND                        DOM
DAY   TEMP    HIGH   TIME      LOW     TIME      DAYS     DAYS   RAIN    SPEED    HIGH    TIME       DIR
----------------------------------------------------------------------------------------------------------------------------------------------------------
01    02.4    03.9   14:17    01.4   06:25     15.9     00.0    08.6   00.1     05.6    09:35      N 
02    01.9    05.0   15:23   -00.4   00:00     16.4     00.0    00.7   00.7     16.7    02:23     NNE
03    00.7    05.3   14:08   -02.9   23:42     17.6     00.0    00.0   00.9     16.7    14:47      NE
04   -01.3    06.1   15:17   -04.9   08:08     19.6     00.0    00.0   00.1     05.6    18:29      N 
05    00.7    05.3   15:29   -02.1   23:57     17.6     00.0    00.0   00.1     09.3    13:31      N 
06   -00.1    02.4   15:39   -02.8   01:55     18.4     00.0    00.0   00.1     05.6    17:06      N 
07    01.4    04.6   14:37   -00.2   08:08     16.9     00.0    04.7   00.2     09.3    15:52     NNE
08    03.3    07.8   15:24    00.9   03:14     15.0     00.0    00.0   00.4     11.1    15:50      N 
09    02.4    05.0   13:36    01.1   07:44     15.9     00.0    02.0   00.5     11.1    13:46      NE
10    01.4    06.9   14:40   -02.4   00:00     16.9     00.0    00.0   00.2     05.6    16:00      N 
11   -01.4    05.3   15:04   -05.2   08:25     19.7     00.0    00.0   00.4     11.1    15:05     NNW
12    00.2    06.2   14:20   -02.2   00:18     18.1     00.0    00.7   00.4     11.1    14:59      NE
13   -00.6    04.9   15:38   -04.2   23:48     18.9     00.0    00.0   00.3     07.4    14:19     NNE
14   -02.9    05.0   15:43   -07.2   07:47     21.2     00.0    00.0   00.8     18.5    15:51      N 
15   -02.4    04.9   14:58   -07.2   04:07     20.7     00.0    00.0   00.8     18.5    15:16     NNE
16   -00.3    09.1   15:37   -04.7   08:42     18.6     00.0    00.0   00.3     05.6    15:56     NNE
17    00.4    06.4   15:41   -04.1   07:40     17.9     00.0    00.0   00.1     07.4    16:20      N 
18    02.6    08.3   14:13   -00.1   08:29     15.7     00.0    01.3   00.9     22.2    14:29      NE
19    01.4    02.1   14:57    00.6   00:00     16.9     00.0    00.0   00.1     05.6    20:10      NE
20    01.8    07.2   14:53   -00.9   23:46     16.5     00.0    00.0   01.1     18.5    17:03     ENE
21    01.8    08.6   15:34   -02.0   04:42     16.5     00.0    00.0   01.2     24.1    15:19      NE
22    02.3    05.8   13:34   -00.5   00:02     16.0     00.0    00.0   01.5     20.4    10:53      NE
23    03.3    07.6   16:06    00.6   05:04     15.0     00.0    00.0   00.4     13.0    14:54      N 
----------------------------------------------------------------------------------------------------------------------------------------------------------
00.8 (1.8)   09.1  day 16    -07.2  day 15   402.0    000.0   017.9   00.5     24.1   day 21     NNE
Min <=   0: 18
Min <=  -5: 3
Max Rain: 8.6 ON 1-02-18
Days of Rain: 6 (> .2mm) 2 (> 2mm) 0 (> 20mm)