MONTHLY CLIMATOLOGICAL SUMMARY for NOV. 2017

NAME: MeteoSaone   CITY: SAONE (TN) STATE: Italy
ELEV: 510 mt. LAT: 46:02':36" N LONG: 10:46':04" E

                            TEMPERATURE ( C), RAIN (mm), WIND SPEED (kmh)

                                                 HEAT     COOL           AVG
      MEAN                                       DEG      DEG            WIND                        DOM
DAY   TEMP    HIGH   TIME      LOW     TIME      DAYS     DAYS   RAIN    SPEED    HIGH    TIME       DIR
----------------------------------------------------------------------------------------------------------------------------------------------------------
01    04.1    14.5   15:14   -00.9   06:59     14.2     00.0    00.0   00.1     05.6    15:00     NNW
02    04.9    11.8   14:39    00.6   05:17     13.4     00.0    00.0   00.1     05.6    14:46     NNE
03    05.1    16.1   15:12    00.3   08:18     13.2     00.0    00.0   00.1     05.6    14:35      N 
04    05.6    11.9   15:18    00.2   03:58     12.7     00.0    00.0   00.1     05.6    15:49      N 
05    07.0    08.2   15:27    05.9   00:00     11.3     00.0    52.2   00.2     09.3    15:54     NNE
06    05.7    08.9   14:31    03.0   23:14     12.6     00.0    02.0   00.9     29.6    10:37      NE
07    05.7    08.2   12:41    03.3   07:11     12.6     00.0    05.3   00.1     05.6    13:39     NNE
08    06.0    10.5   15:20    04.4   06:14     12.3     00.0    00.7   00.1     05.6    11:53     NNW
09    06.3    10.9   14:59    02.4   23:58     12.0     00.0    04.6   00.1     05.6    13:50      N 
10    03.3    09.3   14:48   -00.5   07:51     15.0     00.0    00.0   00.2     05.6    14:35      N 
11    03.4    10.1   15:11   -01.0   06:04     14.9     00.0    00.0   00.3     07.4    12:32     NNE
12    05.3    10.5   12:52    02.4   09:25     13.0     00.0    16.7   01.3     16.7    22:35      NE
13    05.0    08.9   13:35    01.8   22:37     13.3     00.0    03.3   03.0     48.1    11:29     NNE
14    03.6    11.4   14:38   -01.9   23:53     14.7     00.0    00.0   00.5     13.0    13:30      N 
15    00.6    10.6   14:42   -03.7   07:37     17.7     00.0    00.0   00.1     05.6    12:33     NNW
16    02.9    12.4   14:45   -00.6   23:57     15.4     00.0    00.0   00.2     05.6    13:22      N 
17    01.3    10.7   14:57   -02.4   07:41     17.0     00.0    00.0   00.1     05.6    12:14      N 
18    00.6    10.1   14:15   -02.9   06:44     17.7     00.0    00.0   00.1     05.6    12:41     NNW
19    00.7    09.9   15:11   -03.0   06:18     17.6     00.0    00.0   00.5     09.3    14:44      N 
20   -01.3    08.6   14:47   -04.9   07:46     19.6     00.0    00.0   00.1     05.6    19:24      N 
21   -00.0    08.7   14:41   -04.0   03:35     18.3     00.0    00.0   00.3     07.4    02:50     NNE
22    00.8    09.2   14:43   -03.1   07:59     17.5     00.0    00.0   00.1     05.6    05:14      N 
23    03.3    07.8   13:12   -00.7   00:00     15.0     00.0    00.0   00.0     03.7    19:51      N 
----------------------------------------------------------------------------------------------------------------------------------------------------------
03.5 (5.1)   16.1  day 03    -04.9  day 20   340.9    000.0   084.8   00.4     48.1   day 13     N
Min <=   0: 13
Max Rain: 52.2 ON 5-11-17
Days of Rain: 7 (> .2mm) 5 (> 2mm) 1 (> 20mm)