MONTHLY CLIMATOLOGICAL SUMMARY for SEP. 2018

NAME: MeteoSaone   CITY: SAONE (TN) STATE: Italy
ELEV: 510 mt. LAT: 46:02':36" N LONG: 10:46':04" E

                            TEMPERATURE ( C), RAIN (mm), WIND SPEED (kmh)

                                                 HEAT     COOL           AVG
      MEAN                                       DEG      DEG            WIND                        DOM
DAY   TEMP    HIGH   TIME      LOW     TIME      DAYS     DAYS   RAIN    SPEED    HIGH    TIME       DIR
----------------------------------------------------------------------------------------------------------------------------------------------------------
01    14.5    19.9   14:57    12.4   07:44     03.8     00.0    19.5   00.2     14.8    04:53     NNE
02    13.5    15.3   17:31    12.4   00:00     04.8     00.0    05.6   00.0     03.7    00:36     NNW
03    14.8    21.9   16:38    11.2   00:00     03.5     00.0    01.1   00.4     16.7    18:47      NW
04    15.3    25.8   16:22    08.4   06:20     03.0     00.0    00.0   00.9     14.8    12:58     NNE
05    16.8    25.2   15:04    10.8   07:28     01.5     00.0    00.0   00.7     18.5    15:07     NNW
06    16.9    25.4   14:35    13.4   23:58     01.4     00.0    02.8   00.7     13.0    12:59      N 
07    16.4    22.6   17:34    12.9   02:22     01.9     00.0    03.4   00.1     05.6    17:52      N 
08    17.8    26.3   16:01    12.5   07:58     00.5     00.0    00.0   01.1     20.4    17:45     NNW
09    18.0    26.2   16:10    12.6   02:35     00.3     00.0    00.0   00.8     18.5    15:15     ENE
10    19.1    26.4   15:14    14.5   04:57     00.0     00.8    00.0   00.4     11.1    12:31     NNE
11    18.6    27.3   15:30    12.5   07:19     00.0     00.3    00.0   00.6     11.1    12:53      NE
12    19.5    27.6   15:07    13.4   07:29     00.0     01.2    00.0   00.7     11.1    15:15     ENE
13    19.2    26.4   15:10    14.8   00:00     00.0     00.9    00.0   00.8     20.4    14:50     NNE
14    17.8    26.3   15:08    13.0   07:03     00.5     00.0    00.0   00.5     14.8    17:15     ENE
16    19.3    26.5   15:47    13.6   07:38     00.0     01.0    00.0   00.6     11.1    16:15      NE
17    18.2    25.7   15:44    12.9   07:35     00.1     00.0    01.7   00.2     09.3    16:53     NNE
18    17.4    23.4   15:28    13.2   06:17     00.9     00.0    00.0   00.3     24.1    10:20     NNW
19    17.5    28.0   15:15    11.6   07:08     00.8     00.0    00.0   00.5     13.0    14:02      N 
20    17.4    27.2   16:11    11.1   07:21     00.9     00.0    00.0   00.5     11.1    15:50     NNE
21    17.6    26.4   14:39    11.5   07:43     00.7     00.0    00.0   00.4     11.1    16:37      NE
----------------------------------------------------------------------------------------------------------------------------------------------------------
17.3 (18.7)   28.0  day 19     08.4  day 04   024.8    004.2   034.1   00.5     24.1   day 08     NNE
Max Rain: 19.5 ON 1-09-18
Days of Rain: 6 (> .2mm) 4 (> 2mm) 0 (> 20mm)