MONTHLY CLIMATOLOGICAL SUMMARY for NOV. 2018

NAME: MeteoSaone   CITY: SAONE (TN) STATE: Italy
ELEV: 510 mt. LAT: 46:02':36" N LONG: 10:46':04" E

                            TEMPERATURE ( C), RAIN (mm), WIND SPEED (kmh)

                                                 HEAT     COOL           AVG
      MEAN                                       DEG      DEG            WIND                        DOM
DAY   TEMP    HIGH   TIME      LOW     TIME      DAYS     DAYS   RAIN    SPEED    HIGH    TIME       DIR
----------------------------------------------------------------------------------------------------------------------------------------------------------
01    07.3    11.8   15:45    05.6   22:34     11.0     00.0    24.5   00.0     01.9    22:14      NW
02    07.6    10.0   15:48    04.8   03:26     10.7     00.0    12.2   00.0     00.0    00:00      NW
03    10.5    14.6   14:57    08.2   23:59     07.8     00.0    00.7   00.0     00.0    00:00      NW
04    10.2    16.4   14:29    06.0   07:22     08.1     00.0    04.7   00.0     00.0    00:00      NW
05    10.5    13.6   15:57    08.8   18:07     07.8     00.0    21.1   00.0     00.0    00:00      NW
06    10.2    11.8   14:10    08.9   00:40     08.1     00.0    09.4   00.0     00.0    00:00      NW
07    10.2    11.5   15:46    09.3   00:00     08.1     00.0    04.0   00.0     00.0    00:00      NW
08    10.2    13.4   15:26    08.9   09:11     08.1     00.0    00.7   00.0     00.0    00:00      NW
09    10.7    14.3   13:51    08.6   00:00     07.6     00.0    00.0   00.0     00.0    00:00      NW
10    09.2    12.7   13:54    06.1   08:08     09.1     00.0    00.7   00.0     00.0    00:00      NW
11    10.4    11.9   16:19    09.5   06:59     07.9     00.0    04.0   00.0     00.0    00:00      NW
12    10.0    14.9   15:26    07.6   08:43     08.3     00.0    00.0   00.0     00.0    00:00      NW
13    09.7    14.7   14:11    05.4   23:46     08.6     00.0    00.0   00.0     03.7    23:53      NW
14    06.1    15.6   14:26    02.7   07:07     12.2     00.0    00.0   00.0     03.7    15:53      N 
----------------------------------------------------------------------------------------------------------------------------------------------------------
09.5 (10.3)   16.4  day 04     02.7  day 14   123.5    000.0   081.9   00.0     03.7   day 13      NW
Max Rain: 24.5 ON 1-11-18
Days of Rain: 10 (> .2mm) 7 (> 2mm) 2 (> 20mm)