MONTHLY CLIMATOLOGICAL SUMMARY for APR. 2021

NAME: MeteoSaone   CITY: SAONE (TN) STATE: Italy
ELEV: 510 mt. LAT: 46:02':36" N LONG: 10:46':04" E

                            TEMPERATURE ( C), RAIN (mm), WIND SPEED (kmh)

                                                 HEAT     COOL           AVG
      MEAN                                       DEG      DEG            WIND                        DOM
DAY   TEMP    HIGH   TIME      LOW     TIME      DAYS     DAYS   RAIN    SPEED    HIGH    TIME       DIR
----------------------------------------------------------------------------------------------------------------------------------------------------------
01    13.5    25.6   16:37    04.4   07:26     04.8     00.0    00.0   01.2     18.5    14:15      SE
02    13.3    23.9   14:42    04.3   07:43     05.0     00.0    00.0   01.7     20.4    15:21      E 
03    10.2    18.6   15:41    03.5   07:07     08.1     00.0    00.0   02.4     24.1    18:26      E 
04    08.7    15.3   16:06    03.0   08:32     09.6     00.0    00.0   02.7     27.8    17:58      E 
05    07.0    13.6   13:52    01.1   06:24     11.3     00.0    00.0   01.8     20.4    14:28      E 
06    05.2    09.9   14:33   -00.3   23:58     13.1     00.0    00.0   03.7     27.8    15:50      E 
07    01.5    07.8   16:22   -03.3   07:18     16.8     00.0    00.0   02.3     27.8    16:29      SE
08    03.2    12.9   17:06   -05.6   06:21     15.1     00.0    00.0   02.4     25.9    17:10      E 
09    05.2    12.9   14:26   -02.2   07:25     13.1     00.0    00.0   02.0     20.4    15:44      E 
10    07.8    13.4   16:16    02.9   03:36     10.5     00.0    00.0   00.8     11.1    17:15     ESE
11    06.3    09.1   18:59    04.8   07:58     12.0     00.0    19.5   00.1     03.7    18:00     SSE
12    06.3    09.1   15:36    01.3   00:00     12.0     00.0    32.5   00.6     18.5    19:31     SSE
13    04.8    11.2   13:53    00.5   00:00     13.5     00.0    02.1   01.4     20.4    11:05     ESE
----------------------------------------------------------------------------------------------------------------------------------------------------------
07.2 (7.6)   25.6  day 01    -05.6  day 08   144.9    000.0   054.1   01.8     27.8   day 07     ESE
Min <=   0: 4
Min <=  -5: 1
Max Rain: 32.5 ON 12-04-21
Days of Rain: 3 (> .2mm) 3 (> 2mm) 1 (> 20mm)