MONTHLY CLIMATOLOGICAL SUMMARY for AUG. 2019

NAME: MeteoSaone   CITY: SAONE (TN) STATE: Italy
ELEV: 510 mt. LAT: 46:02':36" N LONG: 10:46':04" E

                            TEMPERATURE ( C), RAIN (mm), WIND SPEED (kmh)

                                                 HEAT     COOL           AVG
      MEAN                                       DEG      DEG            WIND                        DOM
DAY   TEMP    HIGH   TIME      LOW     TIME      DAYS     DAYS   RAIN    SPEED    HIGH    TIME       DIR
----------------------------------------------------------------------------------------------------------------------------------------------------------
01    19.9    29.1   17:16    11.9   06:10     00.0     01.6    00.5   01.0     18.5    13:54     ENE
02    17.5    24.8   13:05    13.4   00:00     00.8     00.0    21.0   04.3     22.2    16:11      NW
03    17.9    28.3   16:54    10.6   06:58     00.4     00.0    00.5   02.5     18.5    14:37     NNW
04    19.0    26.9   15:38    11.6   06:10     00.0     00.7    00.0   01.4     16.7    16:22      NE
05    20.4    27.9   15:03    16.1   03:59     00.0     02.1    00.5   01.1     18.5    13:14     ENE
06    20.9    26.6   14:54    17.1   05:19     00.0     02.6    02.1   00.9     16.7    21:45     ENE
07    19.2    24.6   14:44    16.4   06:29     00.0     00.9    14.7   00.5     09.3    19:56      N 
08    20.6    28.7   17:10    15.2   06:59     00.0     02.3    00.0   00.6     14.8    14:35      NE
09    22.8    29.4   16:13    17.2   06:55     00.0     04.5    00.0   01.1     16.7    14:10     ENE
10    23.3    29.9   16:17    17.7   06:45     00.0     05.0    00.0   00.9     14.8    15:50      NE
11    21.3    30.9   17:39    19.6   16:45     00.0     03.0    00.0   00.3     18.5    18:17     NNE
12    19.9    28.1   15:01    17.1   00:00     00.0     01.6    02.1   00.3     16.7    15:08      NE
13    19.7    27.0   14:15    15.8   05:24     00.0     01.4    00.0   01.0     18.5    14:31     ENE
14    18.7    25.4   15:18    12.7   07:12     00.0     00.4    00.0   01.8     22.2    18:32      N 
15    18.4    24.2   14:54    14.0   07:17     00.0     00.1    00.0   01.1     16.7    13:39      NE
16    18.2    26.8   14:47    12.2   07:28     00.1     00.0    00.5   01.5     27.8    16:36     NNE
17    18.8    26.1   14:13    13.6   03:03     00.0     00.5    00.0   00.8     16.7    14:07     ENE
18    20.6    28.0   16:41    14.2   06:48     00.0     02.3    00.0   01.1     16.7    14:05     ENE
19    21.4    29.2   16:43    17.2   06:15     00.0     03.1    00.0   00.6     14.8    14:42      NE
----------------------------------------------------------------------------------------------------------------------------------------------------------
19.9 (21.2)   30.9  day 11     10.6  day 03   001.3    032.1   041.9   01.2     27.8   day 16      NE
Max >=  30: 1
Max Rain: 21.0 ON 2-08-19
Days of Rain: 8 (> .2mm) 4 (> 2mm) 1 (> 20mm)