MONTHLY CLIMATOLOGICAL SUMMARY for MAR. 2019

NAME: MeteoSaone   CITY: SAONE (TN) STATE: Italy
ELEV: 510 mt. LAT: 46:02':36" N LONG: 10:46':04" E

                            TEMPERATURE ( C), RAIN (mm), WIND SPEED (kmh)

                                                 HEAT     COOL           AVG
      MEAN                                       DEG      DEG            WIND                        DOM
DAY   TEMP    HIGH   TIME      LOW     TIME      DAYS     DAYS   RAIN    SPEED    HIGH    TIME       DIR
----------------------------------------------------------------------------------------------------------------------------------------------------------
01    02.0    12.9   16:09   -03.7   07:33     16.3     00.0    00.0   00.3     18.5    14:46     NNE
02    04.1    14.9   14:34   -02.4   06:54     14.2     00.0    00.0   00.7     14.8    15:36     NNE
03    04.6    14.6   14:11   -02.3   06:56     13.7     00.0    00.0   00.8     14.8    17:07     NNE
04    04.4    11.8   12:59   -01.1   07:51     13.9     00.0    03.4   00.6     18.5    17:09     NNE
05    04.1    13.6   15:02   -01.0   08:25     14.2     00.0    00.0   00.8     18.5    15:10     NNE
06    04.6    12.1   14:21   -02.1   07:41     13.7     00.0    00.0   00.8     16.7    14:08      NE
07    05.6    07.8   17:03    03.6   23:27     12.7     00.0    33.8   00.1     09.3    13:11      N 
08    07.2    14.1   14:33    03.1   23:59     11.1     00.0    06.2   01.1     18.5    14:46     NNE
09    06.3    14.8   15:20    00.1   06:45     12.0     00.0    00.5   01.1     18.5    13:44      NE
10    07.3    14.1   16:04    02.1   06:49     11.0     00.0    00.0   02.0     24.1    14:56      NE
11    05.1    12.7   12:05    00.0   06:58     13.2     00.0    00.0   03.4     53.7    16:38      NE
12    03.1    11.8   15:17   -03.1   07:14     15.2     00.0    00.0   01.9     24.1    14:42      NE
13    02.7    11.8   13:44   -02.9   07:03     15.6     00.0    00.0   01.7     29.6    13:11      NE
14    03.6    12.3   14:00   -03.6   07:19     14.7     00.0    00.0   01.3     29.6    13:31      NE
15    07.5    16.9   14:34    00.4   06:33     10.8     00.0    00.0   02.9     27.8    11:57     ENE
16    07.7    18.9   14:34    00.3   06:48     10.6     00.0    00.0   01.0     20.4    16:47      NE
17    06.6    12.4   14:22    01.1   05:06     11.7     00.0    00.0   00.5     13.0    15:02      NE
18    05.2    10.8   15:38   -00.8   23:49     13.1     00.0    08.7   02.4     25.9    04:40     ENE
----------------------------------------------------------------------------------------------------------------------------------------------------------
05.1 (6.3)   18.9  day 16    -03.7  day 19   251.3    000.0   052.1   01.2     53.7   day 11      NE
Min <=   0: 11
Max Rain: 33.8 ON 7-03-19
Days of Rain: 5 (> .2mm) 4 (> 2mm) 1 (> 20mm)