MONTHLY CLIMATOLOGICAL SUMMARY for JUL. 2018

NAME: MeteoSaone   CITY: SAONE (TN) STATE: Italy
ELEV: 510 mt. LAT: 46:02':36" N LONG: 10:46':04" E

                            TEMPERATURE ( C), RAIN (mm), WIND SPEED (kmh)

                                                 HEAT     COOL           AVG
      MEAN                                       DEG      DEG            WIND                        DOM
DAY   TEMP    HIGH   TIME      LOW     TIME      DAYS     DAYS   RAIN    SPEED    HIGH    TIME       DIR
----------------------------------------------------------------------------------------------------------------------------------------------------------
01    21.5    26.6   14:20    15.2   06:36     00.0     03.2    00.0   01.2     20.4    13:25     ENE
02    21.5    26.2   16:56    19.1   06:33     00.0     03.2    00.0   00.7     13.0    15:06      E 
03    19.8    26.8   13:07    14.8   18:30     00.0     01.5    14.8   01.5     20.4    17:58     ENE
04    18.8    28.4   15:02    14.4   06:12     00.0     00.5    10.7   01.1     20.4    16:40      S 
05    19.0    26.2   14:59    14.4   04:35     00.0     00.7    05.4   00.7     13.0    13:44     NNE
06    18.3    26.4   12:55    12.6   06:39     00.0     00.0    01.3   00.9     18.5    14:10      NE
07    19.6    28.4   14:30    11.7   05:54     00.0     01.3    00.0   01.7     22.2    18:27      NE
08    19.4    27.5   16:25    11.8   06:39     00.0     01.1    00.0   01.3     20.4    14:39     ENE
09    18.0    27.0   13:40    12.5   06:30     00.3     00.0    00.0   01.1     18.5    12:58      NE
10    18.6    24.4   16:24    14.2   06:20     00.0     00.3    04.0   00.4     25.9    12:20      NE
11    18.9    24.3   14:19    15.3   06:37     00.0     00.6    00.0   01.0     16.7    13:20     ENE
12    19.9    25.4   16:29    14.6   22:55     00.0     01.6    59.7   00.8     13.0    17:34     ENE
13    19.5    26.9   17:37    13.5   06:35     00.0     01.2    01.4   01.2     18.5    13:25      NE
14    19.5    28.0   15:36    14.4   06:30     00.0     01.2    38.3   01.1     16.7    17:58     ENE
15    19.4    27.8   16:53    15.1   06:05     00.0     01.1    02.6   01.1     16.7    12:07     ENE
16    18.2    26.0   14:18    13.9   05:42     00.1     00.0    06.0   00.8     14.8    14:46     ENE
17    19.7    28.1   17:17    12.5   06:18     00.0     01.4    00.0   01.2     25.9    13:16     ENE
18    20.3    30.7   17:32    11.6   06:47     00.0     02.0    00.0   01.7     18.5    13:33     ENE
----------------------------------------------------------------------------------------------------------------------------------------------------------
19.5 (20.5)   30.7  day 18     11.6  day 18   000.3    021.2   144.2   01.1     25.9   day 10     ENE
Max >=  30: 1
Max Rain: 59.7 ON 12-07-18
Days of Rain: 10 (> .2mm) 8 (> 2mm) 2 (> 20mm)